a be (-1386)/(-15) + 2/(-5). Suppose 0 = 5*f + 5*x - 65, -4*f + 5*x - x = -a. What is the highest common factor of i and f?
18
Suppose -6*o = 7*o - 2600. Let q be 1 + -1 + (-25)/(-1). Calculate the highest common divisor of o and q.
25
Let k = 39 - 14. Let t be k - (-2 + 0)*1. What is the highest common divisor of t and 18?
9
Suppose -4*n = -n - 27. What is the greatest common divisor of n and 144?
9
Suppose -3*w - 2*d + 18 = 0, 2*d = -4*w + 6*d + 24. Let b(y) = 5*y + 1. Let j be b(3). Let n = j + -13. What is the highest common divisor of n and w?
3
Suppose 0*k - 7 = -k. Let h = 111 - 55. What is the greatest common factor of k and h?
7
Suppose 2*u - 108 = -2*u. Suppose b - 271 = -2*c + 2*b, -4*b - 544 = -4*c. What is the highest common factor of c and u?
27
Let v = 8 - -8. Suppose v = 4*s - 16. What is the greatest common divisor of 12 and s?
4
Let u = 26 - 19. Calculate the highest common factor of u and 14.
7
Suppose 0*f + 3*f - 66 = 0. Calculate the highest common divisor of 11 and f.
11
Suppose 5*d + 2*g - 242 = 314, 450 = 4*d - g. Suppose -89*b = -86*b - 42. What is the highest common divisor of b and d?
14
Let q = 56 - 38. What is the highest common factor of q and 27?
9
Let k = 0 + 7. Let i = -39 - -40. What is the highest common divisor of i and k?
1
Let u be (-2)/1 + 0 - -5. Suppose -u*m = -0*m - 27. Suppose 13*l - 268 = -34. Calculate the greatest common factor of m and l.
9
Suppose -102 = -7*h + 178. What is the highest common divisor of 60 and h?
20
Suppose 2*r - 22 = 44. Calculate the highest common divisor of 11 and r.
11
Let r = 2 + -2. Suppose 5*m + 320 = 5*y, r = y - 3*m - m - 76. Suppose 7*n - 2*n - y = 0. Calculate the highest common divisor of 84 and n.
12
Suppose -280 = -0*i - 5*i. Calculate the highest common divisor of 21 and i.
7
Suppose 2*a + 4 = 3*a. Suppose 4*u - 2*u + a*g - 104 = 0, -4*u + g + 163 = 0. What is the highest common divisor of u and 63?
21
Suppose -13 = -2*a + 5*o, -4 = 4*o - 0*o. Suppose 0 = -a*x - 2 + 10, -f = 3*x - 14. Calculate the greatest common factor of 24 and f.
8
Let q be ((66/(-12))/11)/(1/(-26)). Calculate the greatest common divisor of 39 and q.
13
Suppose 3*s - 1 = -5*c, 0 = -5*c - 2*s + 5 - 1. What is the greatest common factor of 18 and c?
2
Let u = 7 + -5. Let s = 4 - u. Suppose -2*b - 4 = -s*p, -3*p + 0*b = -b - 10. What is the highest common divisor of 12 and p?
4
Let w = -151 + 215. Calculate the highest common divisor of w and 8.
8
Let n = -10 - -19. Let a(s) = s**3 + 6*s**2 - 3*s + 1. Let b be a(-7). Let z = b + 72. Calculate the highest common factor of n and z.
9
Suppose -5*q + 15 + 20 = 0. Let t be 2/q - 900/(-84). Suppose 5*j - 218 = s, -3*j - 3*s = -0*j - 138. What is the greatest common factor of t and j?
11
Let m = -54 + 110. Suppose 27 = 2*o + 11. Let x = -1 + o. Calculate the highest common divisor of m and x.
7
Let q(y) = -8*y + 1. Let j be q(-1). Calculate the highest common divisor of j and 99.
9
Suppose -2*p + 4*r = -0*r - 66, -2*p = -2*r - 68. What is the greatest common divisor of 14 and p?
7
Suppose -2*r - 4*h = 1 - 5, 0 = 4*r - h - 8. Let g be 4/r - 0 - -8. Calculate the greatest common divisor of 4 and g.
2
Let c(i) = i**3 + i**2 - 2*i + 1. Let g = 2 + -1. Let u be c(g). What is the greatest common divisor of 3 and u?
1
Let a(l) = 14*l - 2. Let k be a(3). Let m = -29 + 59. Let x = m - 14. What is the highest common factor of k and x?
8
Let d(r) = r**2 - 6*r - 5. Let c be d(5). Let i be 2/(-3)*105/c. Calculate the highest common factor of i and 63.
7
Let y(t) = 6*t - 24. Let n be y(6). What is the highest common divisor of n and 60?
12
Suppose 0 = z - 4 - 35. Suppose -5*s = -5*p - 390, 2*p - 5*s + 53 = -115. Let y be p/(-6) + (-2)/(-3). Calculate the greatest common factor of z and y.
13
Suppose 3*d = -d + 8. Suppose -d*u = -u - 30. Let o(h) = 3*h + 3. Let i be o(3). Calculate the highest common factor of i and u.
6
Let h = 209 - 149. Let o be 1 - -2 - (-3 + -18). What is the greatest common factor of o and h?
12
Suppose 5*x - 47 = 18. Let u(d) = -2*d + 15. Let j be u(-12). Calculate the greatest common factor of j and x.
13
Let g = 39 - 25. Suppose -2 = 2*t - 6. Suppose -2*i = t*i + p - 4, 20 = -5*p. What is the greatest common divisor of i and g?
2
Let j = 9 - 13. Let m be ((-182)/(-6))/(j/(-12)). What is the highest common divisor of 13 and m?
13
Let x = 141 + -57. Calculate the greatest common factor of 12 and x.
12
Suppose 5*a - 640 = 5*m, -2*a + 4*m - 8*m + 256 = 0. Let q = a - 48. What is the greatest common divisor of 20 and q?
20
Suppose -2*k + k + 2 = 0. Suppose -4*i - c + 59 = 0, -c = -4*c - 15. Calculate the highest common factor of i and k.
2
Suppose -2*g - 4*s = 44, 5*g - 3*s + 51 = 3*g. Let p = g - -34. Let b = -6 + p. Calculate the highest common factor of b and 8.
4
Let r = -4 - 1. Let x be (-15)/r + 30/2. What is the greatest common factor of x and 45?
9
Suppose 16 = 15*l - 14*l. What is the greatest common factor of 112 and l?
16
Let b = 11 + 1. Let i = b - 9. What is the highest common factor of i and 33?
3
Let b(u) = 3*u - 12. Let q be b(14). Calculate the greatest common divisor of 6 and q.
6
Let u = -95 + 194. Let j(l) = -l - 5. Let p be j(-4). Let y = 8 - p. Calculate the highest common divisor of y and u.
9
Suppose -4*k = 5*w - 12 + 2, 4*w = 3*k + 8. Suppose -10 = -w*o - 0*o. What is the highest common factor of o and 5?
5
Suppose -3*b + 0*b + 18 = 0. Suppose -3*x + 6 = -b. Suppose j = -x + 13. Calculate the highest common divisor of 81 and j.
9
Suppose 4*j = 5*b + 14, -5*j + b + 2 = -5. Let x be (-7 - 1)/(6/(-15)). Let g = x + -12. Calculate the greatest common divisor of j and g.
1
Let k = 389 + -173. What is the highest common factor of k and 24?
24
Let l(p) = p**2 - 3*p - 2. Let v be l(6). Suppose -3*h + 16 = -h. Calculate the highest common divisor of v and h.
8
Let k(g) = 3*g + 2. Let b be k(-5). Let x = b - -32. Let p = -30 + 49. Calculate the highest common factor of x and p.
19
Suppose -4*c + 2*c = -8. Calculate the greatest common divisor of c and 12.
4
Suppose 5*f - 114 = 3*f. Suppose -17 = -d + 3*l, 0*l + f = 5*d - l. What is the greatest common divisor of 33 and d?
11
Suppose 0 = -5*f - 25 + 80. Calculate the greatest common factor of 44 and f.
11
Let z(n) be the second derivative of n**4/6 + n**3/3 + n**2/2 + n. Let t be z(-4). What is the highest common factor of 5 and t?
5
Let q(p) = -10 - 13*p - 4 - p**2 + 4. Let l be q(-10). What is the highest common divisor of 60 and l?
20
Let f be (5 - (2 + 4))/(1/(-115)). What is the greatest common divisor of 46 and f?
23
Let l = 50 + -27. Suppose 2*b = 21 + l. What is the highest common factor of 55 and b?
11
Let s be (-11)/(-2) - 1/2. Suppose 0 = 2*d - 5*d + 3*y - 9, d - 22 = -4*y. What is the greatest common divisor of d and s?
1
Let b be 163/1 - (3 - 0/7). What is the highest common factor of b and 10?
10
Let w = -11 - -13. Suppose 0 = -r - 3*a + 8, -r - a = -w*r. What is the greatest common divisor of r and 20?
2
Let c(r) = 4*r**2 - r - 1. Let d be c(-1). Suppose 4*l + o = 9 - 0, d*l + 3*o - 3 = 0. Let m = 13 - l. Calculate the highest common factor of m and 10.
10
Suppose 0*f = 3*f + 2*q - 142, 4*q + 112 = 3*f. Let t = 30 - f. Let y be (48/(-28))/(2/t). What is the greatest common factor of 60 and y?
12
Suppose 80 = -6*j + 104. Suppose 0*p + 4*p - 32 = 0. Calculate the highest common divisor of j and p.
4
Let u(x) = -x**3 - 17*x**2 - 33*x - 20. Let q be u(-15). What is the highest common factor of 5 and q?
5
Let n = 3 + -3. Let f be n/2 - (1 + 2). Let v be f + (-2 - -3) + 4. What is the highest common factor of 6 and v?
2
Let z be (8/12)/((-2)/(-159)). Let a be z*1 + 20/10. What is the greatest common divisor of 11 and a?
11
Let c(h) = h**3. Let i(d) = 3*d**3 - 13*d**2 - 13. Let n(q) = 4*c(q) - i(q). Let l be n(-13). Calculate the greatest common factor of 13 and l.
13
Let a be 501/39 + 2/13. Calculate the greatest common divisor of 39 and a.
13
Suppose 3*v + 3*u = 276, -2*v + 170 = -0*v - 5*u. Calculate the highest common divisor of 9 and v.
9
Let c(p) = p**2 - 4*p. Let o be c(3). Suppose z + 2*z + 9 = 0. Let k be 20 - (0 + o)/z. What is the highest common divisor of 152 and k?
19
Let v = 64 - -328. Suppose 5*s = 4*l + 3*s - 508, 3*l + 4*s = v. Calculate the highest comm